= t**3 + 7*t**2 - 7*t + 2. Let j be c(o). List the prime factors of j/(3/(-30)*4).
3, 5
Let c(f) = f**3 - 4*f**2 - 5*f. Let o be c(5). Suppose -3*z = 3*d - 24, 4*d + o*z - 20 = -z. Let b = d - 1. List the prime factors of b.
3
Suppose a + 8 = 2*a. Suppose -a*x + 3*x = -10. What are the prime factors of x?
2
Let k be 15 + 4 - (0 + 1). Let s = 31 - k. What are the prime factors of s?
13
Let k be 6*(0 - -3)/6. Let m = 27 - k. What are the prime factors of m?
2, 3
Let t(h) = -h**3 + 3*h**2 - h - 1. Let b be t(2). Let q be b - (1 + (-132)/3). Suppose -2*a - 11 = 2*z - 3*z, 0 = 5*z + a - q. List the prime factors of z.
3
What are the prime factors of (4/(-2))/((-4)/54)?
3
Let y = 246 - 162. Suppose 4*g = g + y. Suppose 4*z + 0*z - g = 0. List the prime factors of z.
7
Let o(s) be the third derivative of s**9/8640 - s**6/720 + s**5/20 - 2*s**2. Let b(q) be the third derivative of o(q). What are the prime factors of b(1)?
2, 3
Let a = 2 - 3. Let y = a + -3. What are the prime factors of (1*-3)/(2/y)?
2, 3
Suppose -3*x - 16 = -2*c - 7*x, -5*c = -3*x + 12. List the prime factors of (2 - 3 - c)*-21.
3, 7
Suppose -6*q + 2*q + 624 = 0. List the prime factors of q.
2, 3, 13
Suppose 3*l + 75 = 3*m, 2*m + 0*l = l + 53. List the prime factors of m/(-42)*(1 + -43).
2, 7
Let k be 4/(-14) - 88/(-14). Let s = -8 + 8. Let y = k + s. List the prime factors of y.
2, 3
Suppose 4*b - 6*b + 79 = n, 2*b + 3*n - 85 = 0. List the prime factors of b.
2, 19
Let o = -3 - -9. Let z(c) = c**3 - 4*c**2 - 6*c - 6. Let b be z(o). Suppose 2*d = 5*m - b, -4*d - d - 13 = 3*m. List the prime factors of m.
2
Suppose 0 = -4*i + 80 + 48. What are the prime factors of i?
2
Suppose -3*o + 49 = -125. What are the prime factors of o?
2, 29
Suppose 3*w - 3*p = -p + 124, 15 = -3*p. List the prime factors of w.
2, 19
Let c = -12 + 65. Suppose 5*q - c = -3*w - 13, -q - 20 = -5*w. Suppose w*v = 16 - 6. List the prime factors of v.
2
Suppose 5*z - 10*z = -10. Suppose 0 = z*n + 4, 0*n = 5*m + 3*n - 64. List the prime factors of m.
2, 7
Let t(l) = -l - 1. Let j be t(-3). Suppose -j*p + p - 1 = -2*h, -4*p + 2 = -5*h. List the prime factors of p.
3
Suppose -i = -0*i. Suppose i*n + 124 = 4*n. List the prime factors of n.
31
Let x be (0 - 1)/(-2)*4. Suppose -3*i + 5*n = -30, -x*n + 6*n - 8 = -4*i. List the prime factors of 2/i - 215/(-25).
3
Let k = -3 + 5. Let r(v) = -v**2 + 8*v - 2. Let a be r(7). Suppose 2*f + x + 5 = 20, a*x = -k*f + 27. List the prime factors of f.
2, 3
Let m be (4 + -3)/(1/(-71)). Let k = m - -130. Suppose 4*z - k + 15 = 0. What are the prime factors of z?
11
Let x be 5/(-20) - (-42)/8. Suppose -3*w + 38 - 7 = -o, -23 = -4*w + x*o. List the prime factors of w.
2, 3
What are the prime factors of 3/6*(75 + (0 - -3))?
3, 13
Let u = 178 + -75. List the prime factors of u.
103
Let a = 0 - -5. What are the prime factors of a?
5
Let k be 0 - -8 - (-24)/8. Let x = 13 - k. What are the prime factors of x?
2
Suppose u - 4 = 0, -4 = -0*r - 4*r - 2*u. Let z be 4 + (-18)/3 - -7. Let x = z + r. What are the prime factors of x?
2
Let v(d) = d - 1. Let s(z) = -4*z + 0*z + 9 - 2 - z. Let f(w) = s(w) + 6*v(w). List the prime factors of f(2).
3
Suppose y - 16 = -3*y. Suppose -y - 16 = -5*m. Suppose -2*f = m*a - 20, -2 = f + 2. What are the prime factors of a?
7
Let x be 2/6 + 56/21. Let y be (2 - 3)/(1/(-4)). Suppose 2*v = 5*t + y*v - 33, -x*t + 17 = 4*v. What are the prime factors of t?
7
Let k = -28 + 16. Let a = -7 - k. Suppose l = a + 3. What are the prime factors of l?
2
Suppose 55 = -5*q - 0*q. Let x(z) = -2*z - 8. What are the prime factors of x(q)?
2, 7
Let x(l) = l**2 + 2*l. Let t be x(0). Suppose 5*u - 3*u = 8. Suppose 0 = 2*c + 3*r + 2 - 19, t = 5*c - u*r - 31. What are the prime factors of c?
7
Let a(u) = 3 - 44*u - 4 - 1 + 4. List the prime factors of a(-1).
2, 23
Let w = 279 + -166. List the prime factors of w.
113
Suppose 0 = 4*y - 2*r - 162, 4*r = 17 - 5. Suppose 2*q - y = -q. What are the prime factors of q?
2, 7
Let t = -2 - -3. Let c(a) = 17*a**2. Let f be c(t). Suppose -3*z = 2*v - f, -3*v - z = -31 + 2. What are the prime factors of v?
2, 5
Let j be 0 + 3 + (12 - -1). Let f(t) = 8*t - 1. Let c be f(3). Suppose -c = -3*a + 4*k, 2*a - 5*k = j - 3. What are the prime factors of a?
3
Suppose -n + 5*b - 12 = 3*n, 5*b = 0. What are the prime factors of (-2 + 8)/(n/(-2))?
2
Let d(j) = 10*j**2 - j. What are the prime factors of d(2)?
2, 19
Let y(u) = -u**3 - 5*u**2 + 5. Suppose 0 = 2*f - 5*n + 29, -20 = -3*n - n. Let v be f/1 + (-18)/6. List the prime factors of y(v).
5
Suppose -202 = -4*u + 5*b + 47, -2*u = -2*b - 126. What are the prime factors of u?
2, 3, 11
Let l = -76 - -154. What are the prime factors of l?
2, 3, 13
Let f be (4 - 3)/(1/2). Suppose -3*w - f*w + 55 = 0. What are the prime factors of w?
11
Let k = -186 - -269. What are the prime factors of k?
83
Let p = 13 - 10. Let n = 7 - p. List the prime factors of n.
2
Suppose -10 = -5*c + 5*y, 5*c - 1 = 4*y + 5. Let d = 1 + c. What are the prime factors of (-1 + 0)/d*17?
17
Let s(z) be the first derivative of z**2 - 2*z + 2. Suppose 28*v - 6 = 27*v. List the prime factors of s(v).
2, 5
Let f(p) = p - 3. Let g be f(3). Suppose 2*k = -q - g*q + 27, -q - 3*k + 29 = 0. List the prime factors of q.
23
List the prime factors of 114/4*(-8 - -10).
3, 19
Let h = 11 - 17. What are the prime factors of (-2 + 1)*-2 - h?
2
Suppose -q = 2*q - 255. Suppose 1 - 18 = -3*g - 5*m, 3*m + q = 5*g. What are the prime factors of g?
2, 7
Let n(f) = f - 1. Let j be n(4). Let o(h) = h**3 - h**2 + h + 4. Let p be o(j). Suppose 3*s - p = -s + 3*y, -2*y + 2 = 2*s. What are the prime factors of s?
2
Let v = -3 - -3. Suppose -c - 3 + 21 = v. What are the prime factors of c?
2, 3
Let b = 11 + -19. Let c be b/(-2)*6/4. Let i = c + 4. What are the prime factors of i?
2, 5
Let r(n) = 2*n + 3. Suppose -3*x = -2*x. Suppose l - 4 + x = 0. What are the prime factors of r(l)?
11
Let k = 25 + -17. Suppose 4*o = k + 4. Let m(a) = a**3 - 3*a**2 + 4*a - 2. What are the prime factors of m(o)?
2, 5
Suppose h = -h + 6. Suppose -3*z - 16 = -c - h, -4*z = 3*c - 91. Suppose 9 = 2*g - c. List the prime factors of g.
17
Suppose 0 = -2*c - 2*c - 76. List the prime factors of 7/(-7)*c*1.
19
Suppose 0 = 5*h - 3*k - 0*k - 159, -k + 27 = h. What are the prime factors of h?
2, 3, 5
Suppose 0 = -r - 4 + 11. Suppose -r - 3 = -2*g. Suppose -g*b + 25 = 5*i, -3*i - 3 = -b - 26. What are the prime factors of i?
7
Suppose -2*z = 2*z - 24. Let w(u) = 2*u - 8. Let p be w(z). Suppose -5*x + 18 = -j - 0*x, -p*j + 3 = -5*x. List the prime factors of j.
7
Let s(m) be the first derivative of -19*m**2/2 + 2*m + 2. What are the prime factors of s(-1)?
3, 7
Let k be -42*1/(2/(-2)). Let q = k + -3. Suppose m - 2*f + 0*f = 8, 4*m - f = q. What are the prime factors of m?
2, 5
Let p(h) be the second derivative of -2*h**3/3 + h**2/2 - 3*h. List the prime factors of p(-1).
5
List the prime factors of ((-78)/(-18))/(4/12).
13
Suppose 168 = k - 119. What are the prime factors of k?
7, 41
Let l = 4 + -3. Suppose -l = y + 1. List the prime factors of (-1 - y)/((-2)/(-8)).
2
Let n(p) = -3*p**2 - 3*p - 1. Suppose 3 = 2*l - l + 3*k, 10 = 5*k. Let a be n(l). Let x = 29 + a. List the prime factors of x.
2, 5
Let t(a) = -2*a**3 + 2*a**2 + 3*a + 1. List the prime factors of t(-3).
2
Suppose -80 - 73 = -3*b. Let h = b + -32. What are the prime factors of h?
19
Let o = 0 + -1. Let d = o + 3. Suppose d*u - u = 2. What are the prime factors of u?
2
Suppose 0 = -2*g + 4. Suppose -2*u = -7 + 1. Suppose 3*c - 23 = -2*n, g*c - 1 = 2*n - u*c. List the prime factors of n.
7
Let n = 73 + -38. List the prime factors of n.
5, 7
Let j(c) = c**3 - c**2 - 5*c. Let f(w) = -2*w**3 + w**2 + 9*w. Let h(b) = 3*f(b) + 5*j(b). List the prime factors of h(-3).
3
Let n be 3 - (-3)/(3 + -6). Let i = 3 - -4. Suppose 6*m - n*m - 17 = -q, -q + i = 2*m. What are the prime factors of m?
5
What are the prime factors of 4*(106/8 + -1)?
7
List the prime factors of (0 - 4) + (165 - -1).
2, 3
Let o(a) = 3*a. Let j be o(2). Let s be (-1 - 1)*j/(-4). Suppose l - s = 7. What are the prime factors of l?
2, 5
Suppose -5*c - 3*z + 981 = 0, 0 = 5*c - 3*z - 0*z - 969. List the prime factors of c.
3, 5, 13
Let g(y) = -5*y - 1. Let i be g(-1). Suppose 4*p -